6 a factor of 2616046?
False
Is 25 a factor of 6512?
False
Does 8 divide 6111063?
False
Is 268889 a multiple of 281?
False
Is 1744251 a multiple of 391?
True
Is 20 a factor of 463100?
True
Is 149 a factor of 8195?
True
Is 100 a factor of 566500?
True
Does 83 divide 2695757?
True
Is 2388917 a multiple of 7?
False
Is 759 a factor of 65156?
False
Is 150262 even?
True
Is 61 a factor of 120897?
False
Is 35 a factor of 393750?
True
Does 184 divide 1948376?
True
Is 21 a factor of 14128000?
False
Is 30 a factor of 321837?
False
Is 8834953 a multiple of 18?
False
Does 98 divide 19324?
False
Is 380 a factor of 94235?
False
Is 307615 a multiple of 77?
True
Is 30 a factor of 673380?
True
Does 96 divide 41472?
True
Is 294668 a multiple of 54?
False
Does 49 divide 964746?
False
Does 49 divide 2744?
True
Does 7 divide 163170?
True
Is 219 a factor of 125268?
True
Is 3924500 a multiple of 433?
False
Does 71 divide 4365222?
True
Is 211479 a multiple of 11?
False
Is 3 a factor of 1321181?
False
Is 743 a factor of 24502654?
True
Is 152054 a multiple of 24?
False
Is 40 a factor of 43480?
True
Is 15 a factor of 203892?
False
Does 8 divide 9821784?
True
Is 156 a factor of 4024956?
True
Is 756 a factor of 4378752?
True
Is 2 a factor of 35520?
True
Is 67 a factor of 11796767?
False
Is 1007695 a multiple of 25?
False
Is 4 a factor of 3851185?
False
Does 3 divide 37511?
False
Does 12 divide 1802748?
True
Is 287 a factor of 295216?
False
Is 1795878 a multiple of 21?
True
Is 22 a factor of 1773970?
True
Is 2254560 a multiple of 176?
True
Does 178 divide 9016?
False
Is 3256344 a multiple of 364?
True
Is 2032195 a multiple of 4?
False
Is 8 a factor of 806221?
False
Is 2302720 a multiple of 257?
True
Does 11 divide 357016?
True
Is 7 a factor of 495610?
False
Is 4568 a multiple of 14?
False
Does 159 divide 9208326?
True
Is 108 a factor of 90504?
True
Does 16 divide 2650758?
False
Is 778238 a multiple of 57?
False
Does 10 divide 15505897?
False
Is 7 a factor of 142947?
True
Is 314064 a multiple of 36?
True
Is 23 a factor of 1389109?
False
Does 22 divide 14839726?
True
Is 33 a factor of 190505?
False
Is 20 a factor of 10185460?
True
Does 386 divide 314590?
True
Is 1079119 a multiple of 671?
False
Is 18701568 a multiple of 14?
False
Is 330 a factor of 365310?
True
Is 52 a factor of 9883484?
True
Is 675263 a multiple of 61?
False
Is 10811987 a multiple of 12?
False
Is 22211 a multiple of 133?
True
Does 16 divide 261216?
True
Is 31 a factor of 176591?
False
Does 507 divide 446160?
True
Is 17 a factor of 345898?
False
Is 417 a factor of 968146?
False
Is 8 a factor of 3078536?
True
Does 39 divide 230330?
False
Is 9 a factor of 104063?
False
Is 79 a factor of 84688?
True
Is 260590 a multiple of 103?
True
Is 1305319 a multiple of 97?
False
Is 67 a factor of 275303?
True
Is 5077940 a multiple of 10?
True
Does 26 divide 2636400?
True
Is 51800 a multiple of 85?
False
Is 11 a factor of 732776?
True
Is 753342 a multiple of 72?
False
Is 2 a factor of 142840?
True
Is 6694480 a multiple of 1066?
True
Is 73 a factor of 5229501?
True
Does 216 divide 1530576?
True
Is 8 a factor of 20390?
False
Is 34 a factor of 791040?
False
Is 102 a factor of 944703?
False
Does 776 divide 10372907?
False
Is 28 a factor of 2047752?
True
Does 4 divide 54624?
True
Is 2219 a factor of 1750220?
False
Is 3811128 a multiple of 24?
True
Does 134 divide 3743424?
True
Does 6 divide 3240?
True
Is 605225 a multiple of 740?
False
Does 16 divide 3328471?
False
Does 138 divide 369840?
True
Is 847 a factor of 7915915?
False
Is 199 a factor of 308649?
True
Does 65 divide 197600?
True
Is 19035480 a multiple of 219?
True
Is 44220 a multiple of 201?
True
Does 19 divide 4150630?
False
Is 244057 a multiple of 391?
False
Is 1233101 a multiple of 6?
False
Does 79 divide 136138?
False
Does 7 divide 8769149?
False
Does 707 divide 799835?
False
Is 4 a factor of 192725?
False
Is 19 a factor of 42422?
False
Does 57 divide 78002?
False
Is 1634 a multiple of 27?
False
Is 3356036 a multiple of 7?
False
Is 342618 a multiple of 17?
True
Is 109159 a multiple of 126?
False
Is 1261 a factor of 2899424?
False
Does 160 divide 74240?
True
Is 11157021 a multiple of 512?
False
Is 5420717 a multiple of 37?
False
Does 312 divide 281112?
True
Is 208 a factor of 1995853?
False
Is 41 a factor of 5072835?
False
Is 44 a factor of 4467804?
True
Does 7 divide 24767?
False
Is 89 a factor of 187612?
True
Does 9 divide 39141?
True
Is 26 a factor of 343200?
True
Is 19 a factor of 71199?
False
Is 9389682 a multiple of 81?
True
Is 160 a factor of 578400?
True
Does 10 divide 20009?
False
Is 319833 a multiple of 29?
False
Is 617941 a multiple of 46?
False
Is 53040 a multiple of 15?
True
Is 9 a factor of 1179?
True
Is 21 a factor of 438342?
False
Is 31075209 a multiple of 32?
False
Is 33 a factor of 30321?
False
Is 13 a factor of 1009931?
True
Does 145 divide 593630?
True
Is 20 a factor of 138686?
False
Is 247804 a multiple of 164?
True
Does 526 divide 631200?
True
Is 213 a factor of 354219?
True
Is 438614 a multiple of 26?
False
Is 52275 a multiple of 85?
True
Is 37 a factor of 28490?
True
Is 174 a factor of 3612936?
True
Is 306 a factor of 600846?
False
Is 3215232 a multiple of 36?
True
Is 31 a factor of 11191?
True
Is 19 a factor of 3521821?
True
Is 176 a factor of 2698080?
True
Does 216 divide 43124?
False
Is 814 a multiple of 6?
False
Is 62920 a multiple of 13?
True
Does 38 divide 4428140?
True
Is 1268414 a multiple of 343?
True
Is 695604 a multiple of 165?
False
Is 475 a factor of 10852949?
False
Is 9001194 a multiple of 179?
True
Does 659 divide 2403373?
True
Is 42 a factor of 156744?
True
Is 43302 a multiple of 42?
True
Is 486780 a multiple of 133?
True
Does 182 divide 657041?
False
Is 980125 a multiple of 4?
False
Is 206 a factor of 24583968?
False
Is 4 a factor of 2352956?
True
Is 7282242 a multiple of 33?
True
Is 4951860 a multiple of 15?
True
Is 258 a factor of 1283292?
True
Is 4667428 a multiple of 123?
False
Is 2 a factor of 34336?
True
Does 116 divide 712472?
True
Is 453 a factor of 5436?
True
Is 208882 a multiple of 16?
False
Is 131 a factor of 152345?
False
Is 886 a factor of 7093316?
True
Is 16 a factor of 52891?
False
Is 6725269 a multiple of 1087?
True
Is 15043350 a multiple of 15?
True
Does 2 divide 1093?
False
Is 7 a factor of 83581?
False
Is 66 a factor of 85556?
False
Does 34 divide 402152?
True
Does 165 divide 304779?
False
Is 85 a factor of 2192289?
False
Is 2405 a factor of 8742175?
True
Is 77 a factor of 144084?
False
Does 16 divide 293506?
False
Is 524755 a multiple of 166?
False
Does 2 divide 259710?
True
Is 31 a factor of 100478?
False
Is 11 a factor of 6735?
False
Is 61516 a multiple of 28?
True
Is 33 a factor of 244332?
True
Is 109 a factor of 217455?
True
Is 242 a factor of 60193?
False
Is 15 a factor of 17655024?
False
Is 172773 a multiple of 81?
True
Does 7 divide 565938?
False
Does 30 divide 179970?
True
Does 35 divide 201740?
True
Is 1402485 a multiple of 174?
False
Is 96906 even?
True
Does 25 divide 1145092?
False
Does 14 divide 2436406?
True
Does 62 divide 3704749?
False
Does 271 divide 5790539?
False
Is 2601 a multiple of 3?
True
Is 6060565 a multiple of 29?
True
Is 38 a factor of 78204?
True
Does 3 divide 179616?
True
Is 405856 a multiple of 352?
True
Is 826870 a multiple of 10?
True
Does 3 divide 390044?
False
Is 48784 a multiple of 4?
True
Is 13 a factor of 141193?
True
Is 10915002 a multiple of 18?
True
Is 112 a factor of 108976?
True
Does 63 divide 2053422?
True
Is 50 a factor of 61200?
True
Does 9 divide 744057?
True
Is 1463310 a multiple of 458?
True
Is 85944 a multiple of 4?
True
Does 398 divide 2353216?
False
Is 37 a factor of 236985?
True
Does 7 divide 1211168?
True
Does 67 divide 1996064?
True
Is 317505 a multiple of 220?
False
Does 26 divide 6793825?
False
Is 549281 a multiple of 4?
False
Is 158 a factor of 46136?
True
Is 30827 a multiple of 37?
False
Is 4388065 a multiple of 55?
True
Does 120 divide 4021268?
False
Is 164428 a multiple of 285?
False
Is 3421901 a multiple of 84?
False
Is 256434 a multiple of 148?
False
Does 40 divide 375907?
False
Does 79 divide 35710?
False
Is 114660 a multiple of 60?
True
Is 247 a factor of 896685?
False
Does 13 divide 4958878?
False
Is 23001576 a multiple of 453?
False
Does 10 